= 0. Calculate the remainder when 12 is divided by v.
5
Let r = 22 - 13. Calculate the remainder when 26 is divided by r.
8
Let n = 1 - -4. Suppose 2*u + 74 = n*h, u = -h - h + 26. What is the remainder when h is divided by 3?
2
Suppose -g + 11 = j, 4*g - 17 - 9 = -j. What is the remainder when 16 is divided by j?
4
Let m = 442 - 292. What is the remainder when m is divided by 52?
46
Suppose -o = -x - 5, x + 9 = -0*x + 5*o. What is the remainder when 22 is divided by (-1)/4 - 49/x?
10
Suppose -2*v = -3*h + 45, -5*v = -0*h - 3*h + 36. What is the remainder when h is divided by 4?
1
Let b = -13 + 25. Calculate the remainder when 35 is divided by b.
11
Suppose r - 5 = 5*l, -3 + 7 = 4*l. What is the remainder when 9 is divided by (-20)/(-6)*12/r?
1
Let q(c) be the second derivative of -c**5/20 + c**4/2 + c**3/2 - 3*c**2 + c. What is the remainder when 22 is divided by q(6)?
10
Suppose -5*a - 9 = -x - 2, 3*x - 3*a = 69. Suppose 0 = 4*z + z + 50. What is the remainder when x is divided by (-56)/z*(-15)/(-6)?
13
Let m(o) = 5*o**2 - 1. Let x be m(1). Suppose -q + 6 + 12 = a, -a = x*q - 63. What is the remainder when 57 is divided by q?
12
Let z(p) = p**2 - 6*p + 1. Let u = -13 - -18. Suppose u*o = -0*o + 45. What is the remainder when z(8) is divided by o?
8
Suppose 0 = 5*o + 43 - 693. Calculate the remainder when o is divided by 22.
20
Let p be 38 - ((-2)/1 - -3). Let c = p - 22. Calculate the remainder when 42 is divided by c.
12
Suppose -2*c - 75 = 2*j - 7*j, 15 = j + 3*c. What is the remainder when 42 is divided by j?
12
Let l(v) = 12*v**2 + 2. Let p be l(-3). Suppose -n - n = -p. Suppose -k = -5*k + 76. What is the remainder when n is divided by k?
17
Suppose -j + 2*l = 6*l - 3, -3*l = -4*j + 69. What is the remainder when 29 is divided by j?
14
Let c(m) = 11*m + 1. Calculate the remainder when (-4)/((9/(-3) + 5)/(-17)) is divided by c(1).
10
Let x(l) = -l. Let r be x(0). Suppose 0 = 2*b + 3*b + 5, -5*q - 5*b + 490 = r. Calculate the remainder when (-18)/q + (-378)/(-22) is divided by 10.
7
Suppose -2*r - 2*r = -24. Suppose 3*g - 9 = r. Calculate the remainder when 29 is divided by ((-3)/g)/(4/(-100)).
14
Let w(m) = m**2 + 3*m - 1. Suppose -5*k + 55 = 4*h - 10*k, 1 = h + 3*k. Calculate the remainder when w(-6) is divided by h.
7
What is the remainder when 4*(-15)/(-10) - 2 is divided by 4?
0
Let p(m) = m**3 + 10*m**2 - 12*m. Let a = 20 + 0. Suppose a = 3*b + v, 0*b - 22 = -2*b - 5*v. Calculate the remainder when p(-11) is divided by b.
5
Suppose -4*y + 157 = -39. Calculate the remainder when y is divided by 17.
15
Suppose 4*i - 5*p = -25, 4 = 2*p - 6. Suppose 4 = -2*m, i*m = 5*x + 5*m + 5. Suppose -4*z - x + 53 = 0. What is the remainder when 24 is divided by z?
11
Let v = 8 - -48. Let m(l) = l**2 + l - 1. What is the remainder when v is divided by m(-6)?
27
Let u be -3 + (-5)/((-15)/(-18)). What is the remainder when (-256)/(-6) - (-6)/u is divided by 22?
20
Let s(u) = -u**3 + 5*u**2 + 4*u - 1. Suppose 0 = d - 6 - 24. Let o = 7 + d. Calculate the remainder when o is divided by s(5).
18
Let n = -49 + 77. Suppose 5 = 4*b - 35. What is the remainder when n is divided by b?
8
Let x(s) = -s**2 - 13*s - 3. Let a = 16 - -3. Calculate the remainder when x(-5) is divided by a.
18
Let p(s) = -s**2 - 2. Let t be p(-2). Let q be (-28)/6*t/(-2). Let h = q - -24. What is the remainder when 19 is divided by h?
9
Let c(j) be the first derivative of j**2 - j + 4. Suppose 0*s + 4 = 4*s. What is the remainder when c(s) is divided by 1?
0
Let c be 1 - 2 - (-1 - 83). Suppose i = 5*a + 19, 2*i = -0*i + a + c. What is the remainder when i is divided by 15?
14
Suppose 0 = 4*l + 7 - 103. Let o = 21 + -12. What is the remainder when l is divided by o?
6
Let v = 0 + -11. Let p(r) = r**2 + 8*r - 10. What is the remainder when 67 is divided by p(v)?
21
Let i = -58 - -142. Calculate the remainder when i is divided by 17.
16
Suppose -3*g + 49 = 5*v, 2*v + 33 = 3*g - v. Let i(u) be the third derivative of 19*u**4/12 - u**3/6 + 2*u**2. What is the remainder when i(1) is divided by g?
11
Suppose 0 = 2*j - j, -k + 5 = j. Calculate the remainder when 8 is divided by k.
3
What is the remainder when 102 + ((-8)/(-4) - 0) is divided by 21?
20
Let m be (-10)/(-6) + (-4)/(-12). Suppose 3*c - 12 = m*c. Calculate the remainder when 35 is divided by c.
11
Let q = -3 + 30. Let a = 45 - q. Calculate the remainder when 88 is divided by a.
16
Suppose -2*s - 5*u = -177, 5*s - 567 + 147 = -5*u. Let v = 131 - s. Let o(h) = 3*h - 1. Calculate the remainder when v is divided by o(6).
16
Let g = 18 + -10. Calculate the remainder when 44 is divided by g.
4
Let h = 103 - 147. What is the remainder when 2*(h/2)/(-1) is divided by ((-20)/(-6))/((-32)/(-144))?
14
Suppose d + 11 = -5*s, d - 66 = -3*d + 2*s. What is the remainder when 19 is divided by d?
5
Let x = 12 + -16. Let a(k) = -k. Let v(f) = -f + 7. Calculate the remainder when a(x) is divided by v(4).
1
Let i(x) = -x**3 + 7*x**2 + 6*x - 1. Calculate the remainder when i(7) is divided by 21.
20
Suppose 5*i = 6 + 24. What is the remainder when 28 is divided by i?
4
Suppose 0 = -s - s - x - 2, -10 = -2*s + 5*x. Suppose 0 = -3*z - 5*t + 5, 2*z + t + 4*t = s. What is the remainder when 8 is divided by z?
3
Suppose -4*b = q + 16 + 14, -2*q - 32 = 4*b. Let z(y) = -y**3 - 7*y**2 + 2*y + 16. Let u(o) = o - 2. What is the remainder when z(b) is divided by u(4)?
0
Let z(o) = -3*o**3 - 2*o**2 - o - 1. Let j = 9 + -1. Let i = 14 - j. What is the remainder when z(-2) is divided by i?
5
Suppose w = -0*s - 4*s + 47, 5*w = -2*s + 1. What is the remainder when 35 is divided by s?
9
Let o = 43 - 29. Suppose -3*t + 10 + o = 0. What is the remainder when 31 is divided by t?
7
Let f(h) = 5*h - 12. Calculate the remainder when f(6) is divided by 5.
3
Suppose 3*y = 15, 4*p + 5*y = 2*y + 35. Suppose -16 = -2*s - p*f, f + 28 = 3*s - s. Calculate the remainder when 36 is divided by s.
10
Suppose 3*s + q - 31 = 5*q, 3*q = -5*s + 13. Suppose -s*k + 4*k = -52. Calculate the remainder when k is divided by 18.
16
Suppose 4*u = 2*c + 2*u, 2 = 4*c - 3*u. Suppose 4*o + 2*i = 4*i + 138, 0 = -5*o - c*i + 186. Calculate the remainder when o is divided by 19.
17
Calculate the remainder when 3 + -1 - 39/(-3) is divided by (-13 - -17)/(2 - 1).
3
Let s = 37 - 11. What is the remainder when -8 + (2664/4)/6 is divided by s?
25
Let y(o) = o**2 + 11*o + 18. What is the remainder when 33 is divided by y(-11)?
15
What is the remainder when (-607)/(-11) - 4/22 is divided by 12?
7
Let l(o) = -6*o**2 - o - 1. Let k be l(-1). Let s = k - -9. Calculate the remainder when 4 is divided by s.
1
Suppose -281 - 94 = -i. What is the remainder when i is divided by 54?
51
Suppose -k + 2*y = -6*k + 55, 0 = 2*y. Let t = k - 3. What is the remainder when 21 is divided by t?
5
Calculate the remainder when -2*1/(-2)*9 is divided by 7.
2
Suppose 0 = x + 3, -5*v + 170 = -2*x - 3*x. Suppose -5*f = -3*p - 43, 5 = -f + 4*p - 0. Calculate the remainder when v is divided by f.
9
Suppose -k = -3*y - 67, -2*y + 115 = k + 23. Calculate the remainder when k is divided by 21.
19
Let j(u) = 2*u**2 + 3*u + 1. Let k = 1 - 3. Suppose -5*y + y - a + 20 = 0, a - 26 = -5*y. Calculate the remainder when y is divided by j(k).
0
What is the remainder when 15 is divided by (-8)/16 - ((-10)/4 + -1)?
0
What is the remainder when 18 is divided by (-20)/(-6)*6/4?
3
Let p = -8 + 19. Suppose 2*j - 13 + 3 = 0, -j + p = 2*y. Let q(r) = -r**3 + 3*r**2 + 4*r - 4. What is the remainder when 22 is divided by q(y)?
6
Suppose -6*x + 4*x + 70 = 0. Calculate the remainder when x is divided by 15/25*(30 + 0).
17
Suppose -6*x + x = -15. Suppose 6 = 2*y - 3*o, -4*o = 4*y - 3*o - 40. What is the remainder when y is divided by x?
0
Suppose 5*u + 63 = 2*l, 53 = -42*l + 44*l + 5*u. Let d = -1 + 6. What is the remainder when l is divided by d?
4
Suppose -5*b + 45 = 3*h, -3*h = -h - 3*b - 11. What is the remainder when 38 is divided by h?
8
Let l(b) = 5*b**2 - 2*b + 2. Calculate the remainder when l(-3) is divided by 14.
11
Suppose -5*n = -13 - 12. Suppose 2*d - 3*w = -9, -2*d + n*w = -3*d + 15. Suppose -2*h + 50 = -d*h. What is the remainder when h is divided by 9?
7
Let a = 122 + -35. What is the remainder when a is divided by 18?
15
Suppose -4*x = -4